prime?
True
Is 11486981 a prime number?
False
Is 1371335513 composite?
False
Is 7672808707 composite?
True
Is 1567534279 prime?
True
Is 10836303055 prime?
False
Is 1612357489 composite?
True
Is 8605776379 a composite number?
True
Is 2698275471 composite?
True
Is 1100837645 prime?
False
Is 591889099 composite?
True
Is 2418253777 a composite number?
False
Is 26415900793 prime?
True
Is 7160369701 a prime number?
False
Is 10702044973 a composite number?
False
Is 37639806377 composite?
True
Is 53136638161 composite?
False
Is 88125553379 a composite number?
True
Is 5454383069 prime?
False
Is 94330231189 composite?
True
Is 27029256589 a composite number?
False
Is 634252867 a composite number?
False
Is 6862639451 composite?
True
Is 590560645 prime?
False
Is 38822922449 a prime number?
True
Is 200492321 a prime number?
True
Is 4641332609 composite?
False
Is 59891946799 a prime number?
False
Is 596084641 a prime number?
True
Is 235654967281 a prime number?
False
Is 112046293 a composite number?
True
Is 29783020979 a prime number?
False
Is 166864499 a composite number?
False
Is 2255946739 prime?
True
Is 20666499611 a composite number?
False
Is 22339521059 composite?
False
Is 14359455169 composite?
True
Is 5348039951 a composite number?
False
Is 550686900397 a prime number?
True
Is 409629289 composite?
True
Is 27100577771 composite?
True
Is 1361993603 composite?
True
Is 16641440817 a prime number?
False
Is 1854993703 a composite number?
False
Is 894333649 a prime number?
False
Is 2565200273 prime?
True
Is 27582437 composite?
False
Is 195264607 a composite number?
False
Is 32174240771 prime?
True
Is 278825231 prime?
True
Is 39673952531 composite?
False
Is 27111236807 a prime number?
False
Is 1995782273 a prime number?
False
Is 2015072889 a prime number?
False
Is 53255159137 composite?
False
Is 492629083 a composite number?
False
Is 57508233767 composite?
False
Is 89716768117 a composite number?
False
Is 84009381149 a composite number?
False
Is 234948551207 prime?
True
Is 179965381 composite?
False
Is 354334369 a prime number?
True
Is 2536165238 a composite number?
True
Is 53538185111 a composite number?
True
Is 2076265481 a prime number?
True
Is 1496443127 a composite number?
True
Is 673982083 prime?
True
Is 29311608697 a prime number?
False
Is 994255507 composite?
True
Is 1224935689 a prime number?
False
Is 152200012457 a composite number?
False
Is 133836223903 prime?
True
Is 835769 a prime number?
False
Is 12927623 a prime number?
False
Is 5978297807 composite?
True
Is 947883509 a composite number?
False
Is 1099913809 a prime number?
False
Is 65773651613 prime?
False
Is 308019714229 composite?
False
Is 25025531 prime?
False
Is 10215314471 a composite number?
True
Is 302201941 prime?
False
Is 18864172661 a prime number?
True
Is 369242597 a prime number?
False
Is 39302807315 a composite number?
True
Is 179175931871 prime?
True
Is 5351918447 a composite number?
False
Is 625359089 composite?
True
Is 9271253119 composite?
True
Is 2533063163 a prime number?
False
Is 1986835343 prime?
True
Is 314441521 a prime number?
True
Is 4255769407 a prime number?
True
Is 69714603709 a prime number?
False
Is 68784620893 prime?
False
Is 11510522761 composite?
True
Is 875452187 a composite number?
True
Is 13161844981 a prime number?
False
Is 225271537 a composite number?
False
Is 3138708899 composite?
True
Is 2570247181 a composite number?
False
Is 298397551 prime?
True
Is 4168369763 prime?
True
Is 304062287 prime?
True
Is 1801438273 a composite number?
True
Is 54345401203 a composite number?
False
Is 34069813 a composite number?
False
Is 1467529849 a composite number?
False
Is 112111782407 composite?
False
Is 45613568597 prime?
True
Is 37555278377 a composite number?
False
Is 2494294091 a prime number?
True
Is 320837213 prime?
False
Is 2543730713 composite?
False
Is 1127696849 a composite number?
True
Is 13233387929 composite?
False
Is 2920064027 composite?
True
Is 8254234739 a composite number?
False
Is 1212276007 a prime number?
False
Is 315257449 composite?
True
Is 55952503174 a prime number?
False
Is 13441706827 composite?
False
Is 5002307657 a composite number?
False
Is 18066502483 a composite number?
True
Is 2459237701 a composite number?
False
Is 15059128817 prime?
False
Is 88174517 composite?
False
Is 271192237 prime?
True
Is 12365702309 a prime number?
True
Is 5823244003 prime?
True
Is 58144542649 a prime number?
False
Is 1071059597 prime?
False
Is 2695117961 a prime number?
False
Is 1222986677 a composite number?
True
Is 4801175111 a prime number?
True
Is 3556278881 prime?
False
Is 57712455769 a composite number?
False
Is 472274951 a prime number?
False
Is 1150458857 a prime number?
True
Is 5142073271 a prime number?
False
Is 140560113517 composite?
False
Is 22083431 a prime number?
False
Is 32691875707 prime?
True
Is 15643596593 composite?
True
Is 112433663 a composite number?
False
Is 359432041 composite?
False
Is 297636667 composite?
False
Is 14309882591 prime?
False
Is 2726878237 composite?
False
Is 30332028505 a composite number?
True
Is 16008361 a prime number?
True
Is 8100287095 a prime number?
False
Is 30820067497 a composite number?
False
Is 74545404629 prime?
True
Is 30878265571 a prime number?
False
Is 156080158067 a prime number?
False
Is 5736823259 composite?
False
Is 275924413 a prime number?
False
Is 3057555827 a prime number?
True
Is 68469305537 a prime number?
False
Is 1071581429 a composite number?
True
Is 3397551517 a prime number?
False
Is 3283904377 composite?
True
Is 282846097 composite?
False
Is 407460191 composite?
False
Is 1724288993 composite?
True
Is 1088476981 composite?
True
Is 11667205951 a prime number?
False
Is 585026197 composite?
True
Is 20147780971 a composite number?
True
Is 142572337 a composite number?
True
Is 10916236505 prime?
False
Is 914877427 a composite number?
False
Is 987686327 composite?
False
Is 581581771 a prime number?
True
Is 438702349 prime?
False
Is 152873465123 a composite number?
False
Is 286632067 composite?
False
Is 1324006417 prime?
False
Is 21196284257 prime?
True
Is 67378478917 composite?
False
Is 5714440999 a composite number?
False
Is 2129274949 composite?
False
Is 37973748193 a prime number?
True
Is 41150253323 prime?
False
Is 18465542791 prime?
True
Is 23642535143 composite?
True
Is 17786218105 prime?
False
Is 1328363411 a prime number?
True
Is 22276816811 a composite number?
False
Is 2170077277 a composite number?
False
Is 11037041 a prime number?
True
Is 38195839 composite?
True
Is 32370819431 a composite number?
True
Is 50135472671 prime?
False
Is 1932263 composite?
False
Is 163947865129 a composite number?
False
Is 72549630221 a prime number?
True
Is 218655523 prime?
True
Is 5747644361 prime?
False
Is 2294331139 a composite number?
False
Is 3669474217 a composite number?
False
Is 8219934122 a prime number?
False
Is 126566022841 prime?
False
Is 208806623 a prime number?
True
Is 977211497 prime?
False
Is 49009224613 a prime number?
True
Is 136227635639 a composite number?
False
Is 43527027 prime?
False
Is 381573431 prime?
True
Is 568068782 a composite number?
True
Is 730047739 a prime number?
True
Is 2637521747 a prime number?
False
Is 10801635401 a prime number?
True
Is 10191699743 a composite number?
False
Is 2936773387 prime?
False
Is 2640666289 a prime number?
False
Is 27140978917 composite?
True
Is 83136771383 a prime number?
True
Is 3141343741 prime?
True
Is 71491886237 a composite number?
False
Is 427964389 a prime number?
True
Is 132307092493 composite?
False
Is 59836573 prime?
False
Is 265487429 a prime number?
True
Is 134030757199 a composite number?
False
Is 16118785549 a composite number?
True
Is 4106756209 a composite number?
False
Is 4596568517 composite?
False
Is 436678051 a composite number?
True
Is 218104771 prime?
True
Is 1819777747 composite?
False
Is 18022174843 a composite number?
True
Is 19939175843 prime?
False
Is 702702337 a composite number?
True
Is 351342911 composite?
False
Is 136995511 a composite number?
False
Is 1649729153 prime?
False
Is 122979373793 a composite number?
False
Is 3284371109 a prime number?
False
Is 14233374049 a composite number?
True
Is 360479333 prime?
True
Is 14880608471 composite?
True
Is 38326493 composite?
True
Is 5082392177 prime?
True
Is 73